22099733?
2
What is the millions digit of 14762844?
4
What is the ten millions digit of 2522966610?
2
What is the units digit of 274532113?
3
What is the hundred thousands digit of 88958934?
9
What is the ten millions digit of 920091812?
2
What is the thousands digit of 1387702865?
2
What is the tens digit of 990215154?
5
What is the ten millions digit of 122998450?
2
What is the thousands digit of 378711156?
1
What is the tens digit of 124336755?
5
What is the units digit of 622373360?
0
What is the units digit of 4289078075?
5
What is the ten millions digit of 417207136?
1
What is the hundreds digit of 263542414?
4
What is the hundred millions digit of 334984541?
3
What is the units digit of 57381581?
1
What is the tens digit of 1562205324?
2
What is the tens digit of 44350134?
3
What is the hundreds digit of 14459614?
6
What is the ten millions digit of 182256837?
8
What is the thousands digit of 67840750?
0
What is the hundred thousands digit of 604008187?
0
What is the tens digit of 3475893?
9
What is the hundreds digit of 239357605?
6
What is the hundred thousands digit of 2307308751?
3
What is the thousands digit of 310207960?
7
What is the hundred thousands digit of 706057?
7
What is the ten millions digit of 50014701?
5
What is the thousands digit of 1296422894?
2
What is the hundreds digit of 619706832?
8
What is the ten thousands digit of 194535402?
3
What is the units digit of 69128848?
8
What is the millions digit of 231853908?
1
What is the ten thousands digit of 60552393?
5
What is the tens digit of 64083357?
5
What is the thousands digit of 29389501?
9
What is the ten thousands digit of 165283987?
8
What is the thousands digit of 2456079875?
9
What is the thousands digit of 209629476?
9
What is the thousands digit of 465734742?
4
What is the millions digit of 88904614?
8
What is the units digit of 82674340?
0
What is the hundreds digit of 2746015078?
0
What is the ten thousands digit of 102808069?
0
What is the ten thousands digit of 192450526?
5
What is the millions digit of 54347738?
4
What is the units digit of 106661640?
0
What is the millions digit of 333404835?
3
What is the units digit of 547834287?
7
What is the units digit of 706797848?
8
What is the ten thousands digit of 628052505?
5
What is the ten millions digit of 103936555?
0
What is the units digit of 138392374?
4
What is the hundred millions digit of 1149867255?
1
What is the hundreds digit of 2664241771?
7
What is the billions digit of 4034986294?
4
What is the hundreds digit of 338095639?
6
What is the ten thousands digit of 269025268?
2
What is the hundred thousands digit of 180111180?
1
What is the thousands digit of 5927267?
7
What is the hundred millions digit of 148745122?
1
What is the tens digit of 393165848?
4
What is the hundreds digit of 549361788?
7
What is the ten thousands digit of 159806283?
0
What is the hundred thousands digit of 2585194?
5
What is the units digit of 7294119709?
9
What is the tens digit of 5091431348?
4
What is the ten thousands digit of 632386041?
8
What is the units digit of 134794133?
3
What is the hundred millions digit of 390132370?
3
What is the units digit of 3973131351?
1
What is the ten thousands digit of 118786857?
8
What is the ten millions digit of 2989738929?
8
What is the hundreds digit of 1586329698?
6
What is the units digit of 4572883781?
1
What is the hundred millions digit of 304861453?
3
What is the millions digit of 136053661?
6
What is the millions digit of 3208145119?
8
What is the hundreds digit of 258786380?
3
What is the tens digit of 628365429?
2
What is the units digit of 1884061908?
8
What is the thousands digit of 116559105?
9
What is the millions digit of 69112022?
9
What is the hundred thousands digit of 39003029?
0
What is the units digit of 76836598?
8
What is the hundreds digit of 1116326136?
1
What is the ten millions digit of 32801719?
3
What is the hundreds digit of 28881909?
9
What is the ten thousands digit of 91920838?
2
What is the millions digit of 78396510?
8
What is the units digit of 132722892?
2
What is the units digit of 192923818?
8
What is the hundred millions digit of 1336440144?
3
What is the millions digit of 780589773?
0
What is the units digit of 2942568177?
7
What is the billions digit of 4899020255?
4
What is the ten thousands digit of 82572053?
7
What is the hundred thousands digit of 64135816?
1
What is the hundred thousands digit of 60267316?
2
What is the hundred thousands digit of 233008496?
0
What is the units digit of 114290711?
1
What is the hundred thousands digit of 4919800595?
8
What is the hundreds digit of 479883047?
0
What is the tens digit of 284057809?
0
What is the units digit of 74043089?
9
What is the tens digit of 411864171?
7
What is the thousands digit of 18440131?
0
What is the millions digit of 60593045?
0
What is the thousands digit of 7158156105?
6
What is the hundreds digit of 176049767?
7
What is the units digit of 205418018?
8
What is the tens digit of 63441631?
3
What is the millions digit of 1955426163?
5
What is the units digit of 1424736501?
1
What is the hundred millions digit of 182932905?
1
What is the millions digit of 575792611?
5
What is the ten millions digit of 34729750?
3
What is the thousands digit of 142449889?
9
What is the units digit of 891228052?
2
What is the hundreds digit of 311149759?
7
What is the ten thousands digit of 32085540?
8
What is the ten millions digit of 2060612111?
6
What is the hundreds digit of 37509843?
8
What is the ten thousands digit of 1231736201?
3
What is the hundred thousands digit of 293145?
2
What is the thousands digit of 43090265?
0
What is the millions digit of 36991275?
6
What is the ten millions digit of 154067530?
5
What is the thousands digit of 52136081?
6
What is the thousands digit of 850245357?
5
What is the millions digit of 152947338?
2
What is the hundreds digit of 59092351?
3
What is the millions digit of 959054444?
9
What is the thousands digit of 836862813?
2
What is the hundred thousands digit of 1955098931?
0
What is the ten thousands digit of 179221210?
2
What is the units digit of 41290198?
8
What is the millions digit of 2295361759?
5
What is the ten millions digit of 144842374?
4
What is the hundred millions digit of 505938813?
5
What is the millions digit of 7013362?
7
What is the tens digit of 704329731?
3
What is the hundreds digit of 22861030?
0
What is the ten thousands digit of 16076926?
7
What is the hundred thousands digit of 1849244463?
2
What is the hundreds digit of 78865747?
7
What is the hundred thousands digit of 1364619475?
6
What is the ten millions digit of 74012329?
7
What is the tens digit of 44900187?
8
What is the ten thousands digit of 68296804?
9
What is the units digit of 48039401?
1
What is the tens digit of 39971775?
7
What is the thousands digit of 317574794?
4
What is the ten thousands digit of 31222031?
2
What is the millions digit of 501722636?
1
What is the units digit of 2073338211?
1
What is the ten millions digit of 456198662?
5
What is the units digit of 680570278?
8
What is the ten thousands digit of 32770838?
7
What is the thousands digit of 35687640?
7
What is the millions digit of 132298903?
2
What is the billions digit of 3110347953?
3
What is the ten thousands digit of 48330351?
3
What is the millions digit of 742444685?
2
What is the hundred thousands digit of 229464179?
4
What is the thousands digit of 2069829255?
9
What is the hundreds digit of 5028455559?
5
What is the tens digit of 4375025393?
9
What is the ten thousands digit of 6075724034?
2
What is the ten millions digit of 4032492167?
3
What is the ten thousands digit of 256749449?
4
What is the ten thousands digit of 139735602?
3
What is the millions digit of 16153620?
6
What is the units digit of 472420578?
8
What is the thousands digit of 432391295?
1
What is the units digit of 4512178487?
7
What is the tens digit of 4181451710?
1
What is the millions digit of 82475391?
2
What is the hundred millions digit of 962394200?
9
What is the billions digit of 2229298700?
2
What is the tens digit of 352602588?
8
What is the millions digit of 1676155737?
6
What is the billions digit of 1286894072?
1
What is the hundred millions digit of 2508100943?
5
What is the hundreds digi